{"id":96,"date":"2015-10-01T09:14:00","date_gmt":"2015-10-01T07:14:00","guid":{"rendered":"http:\/\/www.schadstoffanalytik.com\/?page_id=96"},"modified":"2024-05-22T09:29:19","modified_gmt":"2024-05-22T07:29:19","slug":"impressum","status":"publish","type":"page","link":"https:\/\/www.schadstoffanalytik.com\/index.php\/impressum\/","title":{"rendered":"Impressum"},"content":{"rendered":"<h3 style=\"text-align: center;\">\u00a0Angaben gem\u00e4\u00df \u00a7 5 TMG:<\/h3>\n<div align=\"center\">\n<div align=\"center\">\n<div id=\"ip_page_wrapper\">\n<div id=\"ip_content_wrapper\">\n<div id=\"ja-wrapper\">\n<div id=\"inner_wrapper\">\n<div id=\"ja-containerwrap-fl\">\n<div id=\"ja-container\">\n<div id=\"ja-container2\">\n<div id=\"ja-mainbody\">\n<div id=\"ja-content\">\n<div id=\"ja-current-content\">\n<div id=\"page\">\n<div id=\"div_imptool_wrap\">\n<div>\n<p>Dipl.-Ing. Holger Oetzel<br \/>\nIngenieurb\u00fcro Oetzel<br \/>\nGlogauer Str. 15<br \/>\n34212 Melsungen<\/p>\n<h3>Kontakt:<\/h3>\n<table>\n<tbody>\n<tr>\n<td>Telefon:<\/td>\n<td>05661 9260920<\/td>\n<\/tr>\n<tr>\n<td>Telefax:<\/td>\n<td>05661 9260922<\/td>\n<\/tr>\n<tr>\n<td>E-Mail:<\/td>\n<td><a href=\"mailto:info@umweltanalytik.com\"> info@umweltanalytik.com<\/a><\/td>\n<\/tr>\n<\/tbody>\n<\/table>\n<h3>Umsatzsteuer-ID:<\/h3>\n<p>Umsatzsteuer-Identifikationsnummer gem\u00e4\u00df \u00a727 a Umsatzsteuergesetz:<br \/>\nDE15700479<br \/>\nD-U-N-S\u00ae Nummer<span lang=\"de\">: <\/span><span lang=\"de\">498667138<\/span><\/p>\n<div>Plattform der EU-Kommission zur Online-Streitbeilegung: <a href=\"http:\/\/www.ec.europa.eu\/consumers\/odr\" target=\"_blank\" rel=\"noopener noreferrer\"><span style=\"color: #0066cc;\">www.ec.europa.eu\/consumers\/odr<\/span><\/a><\/div>\n<div><\/div>\n<\/div>\n<\/div>\n<\/div>\n<\/div>\n<\/div>\n<\/div>\n<\/div>\n<\/div>\n<\/div>\n<\/div>\n<\/div>\n<\/div>\n<\/div>\n<\/div>\n<\/div>\n<div align=\"center\"><\/div>\n<div align=\"center\">\n<p>\u00a0<span lang=\"de\">Bitte vereinbaren Sie vor Ihrer Anreise einen Termin mit uns.<\/span><\/p>\n<p style=\"text-align: justify;\">Haftungshinweis: Trotz sorgf\u00e4ltiger inhaltlicher Kontrolle \u00fcbernehmen wir keine Haftung f\u00fcr die Inhalte externer Links. F\u00fcr den Inhalt der verlinkten Seiten sind ausschlie\u00dflich deren Betreiber verantwortlich.<\/p>\n<\/div>\n<p style=\"text-align: justify;\">Im Falle von Domainstreitigkeiten oder wettbewerbsrechtlichen oder \u00e4hnlichen Problemen bitten wir Sie, zur Vermeidung unn\u00f6tiger Rechtsstreite und Kosten, uns bereits im Vorfeld zu kontaktieren. Die Kostennote einer anwaltlichen Abmahnung ohne vorhergehende Kontaktaufnahme mit <span lang=\"de\">dem Ingenieurb\u00fcro Oetzel <\/span>wird im Sinne der Schadensminderungspflicht als unbegr\u00fcndet zur\u00fcckgewiesen.<\/p>\n","protected":false},"excerpt":{"rendered":"<p>\u00a0Angaben gem\u00e4\u00df \u00a7 5 TMG: Dipl.-Ing. Holger Oetzel Ingenieurb\u00fcro Oetzel Glogauer Str. 15 34212 Melsungen Kontakt: Telefon: 05661 9260920 Telefax: 05661 9260922 E-Mail: info@umweltanalytik.com Umsatzsteuer-ID: Umsatzsteuer-Identifikationsnummer gem\u00e4\u00df \u00a727 a Umsatzsteuergesetz: [&hellip;]<\/p>\n","protected":false},"author":1,"featured_media":0,"parent":0,"menu_order":0,"comment_status":"closed","ping_status":"closed","template":"","meta":{"footnotes":""},"class_list":["post-96","page","type-page","status-publish","hentry","has_no_thumb"],"_links":{"self":[{"href":"https:\/\/www.schadstoffanalytik.com\/index.php\/wp-json\/wp\/v2\/pages\/96","targetHints":{"allow":["GET"]}}],"collection":[{"href":"https:\/\/www.schadstoffanalytik.com\/index.php\/wp-json\/wp\/v2\/pages"}],"about":[{"href":"https:\/\/www.schadstoffanalytik.com\/index.php\/wp-json\/wp\/v2\/types\/page"}],"author":[{"embeddable":true,"href":"https:\/\/www.schadstoffanalytik.com\/index.php\/wp-json\/wp\/v2\/users\/1"}],"replies":[{"embeddable":true,"href":"https:\/\/www.schadstoffanalytik.com\/index.php\/wp-json\/wp\/v2\/comments?post=96"}],"version-history":[{"count":0,"href":"https:\/\/www.schadstoffanalytik.com\/index.php\/wp-json\/wp\/v2\/pages\/96\/revisions"}],"wp:attachment":[{"href":"https:\/\/www.schadstoffanalytik.com\/index.php\/wp-json\/wp\/v2\/media?parent=96"}],"curies":[{"name":"wp","href":"https:\/\/api.w.org\/{rel}","templated":true}]}}