{"id":45,"date":"2015-09-29T16:23:44","date_gmt":"2015-09-29T14:23:44","guid":{"rendered":"http:\/\/www.schadstoffanalytik.com\/?page_id=45"},"modified":"2024-05-22T09:29:47","modified_gmt":"2024-05-22T07:29:47","slug":"headsets","status":"publish","type":"page","link":"https:\/\/www.schadstoffanalytik.com\/index.php\/headsets\/","title":{"rendered":"Strahlungsarme Headsets"},"content":{"rendered":"<p><span style=\"text-decoration: underline;\"><strong>Haben Sie Probleme mit Elektrosmog beim Telefonieren ?\u00a0 Hier sind die L\u00f6sungen f\u00fcr Handys:<\/strong><\/span><\/p>\n<p>Headsets bzw. Sprecheinrichtungen werden generell mit dynamischen H\u00f6rkapseln ausgestattet. Diese H\u00f6rkapseln werden durch sehr gute akustische Eigenschaften charakterisiert. Durch den inneren Aufbau bedingt, erzeugen diese Wandler <span lang=\"de\">teils erh\u00f6hte<\/span> magnetische Felder im niederfrequenten Bereich von einigen hundert nT bis zu einigen <span lang=\"de\">tausend<\/span> nT (nano-Tesla). Die von uns angebotenen Headsets bauen durch eine spezielle <span lang=\"de\"> innere <\/span>Konstruktion\u00a0<span lang=\"de\"> der dynamischen H\u00f6rkapsel sowie einer speziellen Abschirmung <\/span>ein <span lang=\"de\"> vergleichsweise <\/span>nur sehr geringes Magnetfeld auf (&lt; 5 nT). <span lang=\"de\"> B<\/span>is zu 98%ige <span lang=\"de\">S<\/span>trahlungsredu<span lang=\"de\">zierung<\/span> nach ULE<span lang=\"de\"> (ultra low emission)<\/span> Standard durch <span lang=\"de\">m<\/span>u-Metall Abschirmung, vom T\u00dcV- S\u00fcddeutschland zertifiziert und empfohlen<span lang=\"de\">. <\/span>Diese Headsets sind damit <span lang=\"de\"> i.d.R. <\/span>auch f\u00fcr elektrosensible Personen geeignet.<span lang=\"de\"> Bei Problemen mit Diktierger\u00e4ten empfehlen wir strahlungsreduzierte <a href=\"https:\/\/www.umweltanalytik.com\/shop\/headsets\/hifi-kopfhoerer\/index.html\" target=\"_blank\" rel=\"noopener noreferrer\">Kopfh\u00f6rer<\/a> (ohne Sprechkapsel).<\/span><\/p>\n<p><img loading=\"lazy\" decoding=\"async\" src=\"https:\/\/www.umweltanalytik.com\/images\/neu3.gif\" alt=\"\" width=\"31\" height=\"12\" border=\"0\" \/> <span lang=\"de\"> Handyheadsets Aircom f\u00fcr iPhone<\/span>\u00ae<span lang=\"de\"> und andere Smartphones mit spezieller <\/span>pneumatische<span lang=\"de\">r<\/span> Schall\u00fcbertragung<span lang=\"de\">.<\/span> <span lang=\"de\">Dieser <\/span> Ohrh\u00f6rer<span lang=\"de\"> besitzt damit eine hochfrequente Strahlungsr<\/span>eduktion bis \u00fcber 99%<span lang=\"de\"> und eine <\/span>100 % \u00a0<span lang=\"de\">niederfrequente<\/span>&#8211;<span lang=\"de\">Strahlungsreduktion<\/span><span lang=\"de\">. <\/span>Der Clou <span lang=\"de\">des Aircom <\/span>liegt im Luftschlauch zwischen Ohrst\u00f6psel und Akustikkoppler: Er unterbricht die an das Kabel gekoppelte Handystrahlung, so dass sie nicht bis ans Ohr geleitet wird. Auch die Lautsprecherkapsel \u2013 herk\u00f6mmlich direkt im Ohrh\u00f6rer \u2013 wird auf Abstand<\/p>\n<p>Ein klarer Vorteil, denn f\u00fcr normale schnurgebundene Headset gilt lt. <a href=\"https:\/\/www.oekotest.de\/cgi\/at\/hinfo.cgi?heftnr=M0008\" target=\"_self\" rel=\"noopener noreferrer\">\u00d6KO-TEST August 2000<\/a><span lang=\"de\">:<\/span>\u00a0<span lang=\"de\">&#8222;<\/span>Freisprecheinrichtungen halten die H\u00e4nde frei. Vor Strahlung sch\u00fctzen sie nicht. Im Gegenteil: Sie leiten den Elektrosmog vom Handy direkt ins Ohr<span lang=\"de\">. <\/span>S\u00e4mtliche Freisprecheinrichtungen nehmen die Strahlung der Handy-Antenne auf und leiten sie bis zum Ohr. Die gepulsten Mikrowellen werden von kritischen Medizinern f\u00fcr eine Reihe von Wirkungen im K\u00f6rper verantwortlich gemacht &#8211; etwa Ver\u00e4nderungen der Hirnstr\u00f6me, Kopfschmerzen, Nervosit\u00e4t und Schlaflosigkeit. Deswegen sind die Freisprecheinrichtungen, die die Strahlung bis direkt an den Kopf leiten, \u00bbnicht empfehlenswert<span lang=\"de\">.&#8220;<\/span><\/p>\n<p><img loading=\"lazy\" decoding=\"async\" src=\"https:\/\/www.umweltanalytik.com\/images\/aircom_a5.jpg\" alt=\"Pneumatisches Headset Aircom A5\" width=\"172\" height=\"294\" border=\"0\" \/><span lang=\"de\">\u00a0\u00a0\u00a0\u00a0<\/span><img loading=\"lazy\" decoding=\"async\" src=\"https:\/\/www.umweltanalytik.com\/images\/aircoma5.gif\" alt=\"Pneumatisches Headset Aircom A5\" width=\"118\" height=\"177\" border=\"0\" \/> <a href=\"https:\/\/www.umweltanalytik.com\/images\/A5.jpg\" target=\"_blank\" rel=\"noopener noreferrer\"><img loading=\"lazy\" decoding=\"async\" src=\"https:\/\/www.umweltanalytik.com\/images\/aircom_a5-g.gif\" alt=\"Pneumatisches Headset Aircom A5\" width=\"225\" height=\"225\" border=\"0\" \/><\/a><img loading=\"lazy\" decoding=\"async\" src=\"https:\/\/www.umweltanalytik.com\/images\/aircoma1.gif\" alt=\"Pneumatisches Headset Aircom A1\" width=\"121\" height=\"185\" border=\"0\" \/><img loading=\"lazy\" decoding=\"async\" src=\"https:\/\/www.umweltanalytik.com\/images\/aircoma1_3.gif\" alt=\"Pneumatisches Headset Aircom A1\" width=\"225\" height=\"225\" border=\"0\" \/><a target=\"_blank\" rel=\"noopener noreferrer\"><img loading=\"lazy\" decoding=\"async\" src=\"https:\/\/www.umweltanalytik.com\/images\/aircom_a1_pack.jpg\" alt=\"Pneumatisches Headset Aircom A1\" width=\"178\" height=\"294\" border=\"0\" \/><\/a><\/p>\n<p><span style=\"text-decoration: underline;\"><strong>Lieferbare strahlungsreduzierte Headsets (Stand: M\u00e4rz 2023):<\/strong><\/span><\/p>\n<p>Alle Headsets im Shop:<\/p>\n<div id=\"siteContainer0\">\n<div id=\"content0\">\n<div id=\"narrowMainContent0\">\n<div id=\"productDetailPanel0\">\n<div id=\"productDetail0\">\n<div>\n<div>\n<p align=\"left\"><img loading=\"lazy\" decoding=\"async\" src=\"https:\/\/www.umweltanalytik.com\/images\/aircoma5_2.gif\" alt=\"\" width=\"233\" height=\"216\" align=\"left\" border=\"0\" \/><img loading=\"lazy\" decoding=\"async\" src=\"https:\/\/www.umweltanalytik.com\/images\/neu3.gif\" alt=\"\" width=\"31\" height=\"12\" border=\"0\" \/><strong>Headset <\/strong><span lang=\"de\"><strong> Aircom A6 Stereo<\/strong> (Version 2023) (<\/span>strahl<span lang=\"de\">ungs<\/span>reduziert<span lang=\"de\"> durch Luftleitertechnik<\/span>)\u00a0\u00a0<span lang=\"de\">\u00a0 <a href=\"https:\/\/www.umweltanalytik.com\/shop\/headsets\/handy-smartphone\/index.html\" target=\"_blank\" rel=\"noopener noreferrer\"><img loading=\"lazy\" decoding=\"async\" class=\"alignnone\" src=\"https:\/\/www.umweltanalytik.com\/images\/korb.gif\" alt=\"\" width=\"24\" height=\"26\" border=\"0\" \/><\/a><br \/>\n<\/span><\/p>\n<p align=\"justify\"><span lang=\"de\">Neue komplett \u00fcberarbeitete und deutlich verbesserte Version des Aircom-Headsets (die Gefahr des Kabelbruchs durch neuartiges Kabel wird minimiert)<\/span> Handys und konventionelle Handy-Headsets, speziell auch deren Ohrh\u00f6rer, verursachen erheblichen Elektrosmog direkt am Kopf. Das Headset <span lang=\"de\">Aircom Stereo<\/span> reduziert diese HF-Strahlung um bis zu 99%! Das Headset <span lang=\"de\">Aircom<\/span> Stereo funktioniert mit dem <span lang=\"de\">iPhone 1-6<\/span>\u00ae<span lang=\"de\"> \/ Samsung Galaxy<\/span>\u00ae<span lang=\"de\">, BlackBerry<\/span>\u00ae <span lang=\"de\"> und andere Smartphones mit passendem Anschluss <\/span> und dem iPod\u00ae <span lang=\"de\">bzw. <\/span>mit Handys, die \u00fcber eine Buchse f\u00fcr eine<span lang=\"de\">m<\/span> 3,5mm Klinkenstecker<span lang=\"de\"> &#8211; 4-polig<\/span><span lang=\"de\"> verf\u00fcgen Jetzt mit verbessertem Knickschutz und neuem gewebeummanteltem Kabel!<\/span> Es vermindert deutlich die Hochfrequenz-Strahlung direkt am Kopf<span lang=\"de\"> (SAR Stufe 0)<\/span>. Die in-ear-Ohrh\u00f6rer <span lang=\"de\">funktionieren mit einem pneumatischen <\/span>Akustikkoppler ohne elektronischen Lautsprecher. Dieses Funktionsprinzip ist bereits millionenfach in der Medizintechnik bew\u00e4hrt (Stethoskop). Schickes Design mit Echtholz-Korpus &#8211; funktionell und pr\u00e4zise verarbeitet. Ger\u00e4uschisolierende Stopfen f\u00fcr einen ungest\u00f6rten Sound in drei Gr\u00f6\u00dfen beiliegend<span lang=\"de\">. <\/span>Das patentierte Klang\u00fcbertragungssystem Aircom produziert einen unvergleichlich nat\u00fcrlichen Sound ohne Interferenzen<span lang=\"de\">. <\/span>Miniaturschalter <span lang=\"de\"> zur Annahme und Beenden des Gespr\u00e4chs mit Mikrofon <\/span>im Kabel<span lang=\"de\"> integriert, Gewicht 14g, Gesamtkabell\u00e4nge 1,35 m.<\/span><\/p>\n<\/div>\n<\/div>\n<\/div>\n<\/div>\n<\/div>\n<\/div>\n<\/div>\n<p><img loading=\"lazy\" decoding=\"async\" src=\"https:\/\/www.umweltanalytik.com\/images\/A3.gif\" alt=\"\" width=\"213\" height=\"213\" align=\"left\" border=\"0\" \/><\/p>\n<p align=\"justify\"><img loading=\"lazy\" decoding=\"async\" src=\"https:\/\/www.umweltanalytik.com\/images\/neu3.gif\" alt=\"\" width=\"31\" height=\"12\" border=\"0\" \/><strong>Headset <\/strong> <span lang=\"de\"><strong> Aircom A3 Stereo<\/strong> (Version 2023) (<\/span>strahl<span lang=\"de\">ungs<\/span>reduziert<span lang=\"de\"> durch Luftleitertechnik<\/span>) \u00a0<span lang=\"de\">sofort lieferbar\u00a0\u00a0 \u00a0<\/span><span lang=\"de\"> <a href=\"https:\/\/www.umweltanalytik.com\/shop\/headsets\/handy-smartphone\/index.html\" target=\"_blank\" rel=\"noopener noreferrer\"><img loading=\"lazy\" decoding=\"async\" class=\"alignnone\" src=\"https:\/\/www.umweltanalytik.com\/images\/korb.gif\" alt=\"\" width=\"24\" height=\"26\" border=\"0\" \/><\/a> <\/span><\/p>\n<p align=\"justify\">Das neuste Headset Aircom A3 (Version 2023) ist mit einem verbessertem Kabel-System ausgestattet worden. Speziell abgestimmt auf aktive Nutzer wird die Gefahr des Kabelbruchs durch ein neuartiges Kabel\u00a0im unteren Teil und verst\u00e4rkte Kabel im oberen Teil bis zu<span lang=\"de\"> den<\/span> Schallwandler<span lang=\"de\">n<\/span> minimiert. Das Headset <span lang=\"de\">Aircom Stereo<\/span> reduziert diese HF-Strahlung um bis zu 99%! Das Headset <span lang=\"de\">Aircom<\/span> Stereo funktioniert mit dem <span lang=\"de\">iPhone 1-6<\/span>\u00ae<span lang=\"de\"> \/ Samsung Galaxy<\/span>\u00ae<span lang=\"de\">, BlackBerry<\/span>\u00ae <span lang=\"de\"> und andere Smartphones mit passendem Anschluss <\/span> und dem iPod\u00ae <span lang=\"de\">bzw. <\/span>mit Handys, die \u00fcber eine Buchse f\u00fcr eine<span lang=\"de\">m<\/span> 3,5mm Klinkenstecker<span lang=\"de\"> &#8211; 4-polig<\/span><span lang=\"de\"> verf\u00fcgen <\/span> Bei diese Art der Sprach\u00fcbertragung entsteht kein elektromagnetisches Feld durch die kabelgebundene Weiterleitung in das Ohr \u00a0wie dies bei herk\u00f6mmlichen Headsets der Fall ist.\u00a0Dieses in-ear-Headset funktioniert mit einem pneumatischen Akustikkoppler der die Weiterleitung der HF-Strahlung unterbindet. Passgenaue und ger\u00e4uschisolierende Stopfen f\u00fcr einen perfekten Sound sind in drei Gr\u00f6\u00dfen im Lieferumfang enthalten. Das patentierte Klang\u00fcbertragungssystem Aircom produziert einen unvergleichlich nat\u00fcrlichen Sound ohne Interferenzen. Ein Miniaturschalter zur Annahme und Beenden des Gespr\u00e4chs ist im Kabel integriert. Gesamtl\u00e4nge des Headsets: 135 cm<span lang=\"de\">, <\/span> L\u00e4nge des Luftschlauchs: 16 cm Farbe: schwarz \/ wei\u00df<span lang=\"de\">, <\/span> 3 Paar Ohrst\u00f6psel: Gr\u00f6\u00dfe S, M, L<span lang=\"de\">, <\/span> Mikrofon mit Ein- \/ Ausschalter \/ Stumm<span lang=\"de\">, <\/span> Impedanz: 16 Ohm<span lang=\"de\">, <\/span> Eingangsempfindlichkeit: 97 dB bei 1 kHz<span lang=\"de\">, <\/span> Frequenzgang: 20 Hz bei 20 kHz (20-20 kHz Eingangsspannung 126 mV)<span lang=\"de\">, <\/span> Stecker: 3,5 mm Klinke \/ 4-polig Stereo vergoldet<span lang=\"de\">, <\/span> Der Sound wird durch einen Schallwandler \u00fcber ein Luftrohr geleitet, so dass Sie Ihre Musik h\u00f6ren, als ob Sie &#8222;Live&#8220; bei einem Konzert anwesend sind.\u00a0 Das Aircom A3 liefert einen nat\u00fcrlichen und ausgewogenen Sound und verringert durch die verwendete Luftschlauchtechnik<\/p>\n<p><img loading=\"lazy\" decoding=\"async\" src=\"https:\/\/www.umweltanalytik.com\/images\/aircoma1_2.gif\" alt=\"\" width=\"225\" height=\"225\" align=\"left\" border=\"0\" \/><\/p>\n<p align=\"justify\"><img loading=\"lazy\" decoding=\"async\" src=\"https:\/\/www.umweltanalytik.com\/images\/neu3.gif\" alt=\"\" width=\"31\" height=\"12\" border=\"0\" \/><strong>Headset <\/strong> <span lang=\"de\"><strong> Aircom A1 Stereo<\/strong> (Version 2023) (<\/span>strahl<span lang=\"de\">ungs<\/span>reduziert<span lang=\"de\"> durch Luftleitertechnik<\/span>) \u00a0<span lang=\"de\">sofort lieferbar\u00a0\u00a0 \u00a0<\/span><span lang=\"de\">\u00a0<a href=\"https:\/\/www.umweltanalytik.com\/shop\/headsets\/handy-smartphone\/index.html\" target=\"_blank\" rel=\"noopener noreferrer\"><img loading=\"lazy\" decoding=\"async\" class=\"alignnone\" src=\"http:\/\/www.umweltanalytik.com\/images\/korb.gif\" alt=\"\" width=\"24\" height=\"26\" border=\"0\" \/><\/a><br \/>\n<\/span><\/p>\n<p align=\"justify\"><span lang=\"de\">Neue komplett \u00fcberarbeitete und deutlich verbesserte Version 2023 des Aircom-Headsets (die Gefahr des Kabelbruchs durch neuartiges Kabel wird minimiert)<\/span><span lang=\"de\">. <\/span>Handys und konventionelle Handy-Headsets, speziell auch deren Ohrh\u00f6rer, verursachen erheblichen Elektrosmog direkt am Kopf. Das Headset <span lang=\"de\">Aircom Stereo<\/span> reduziert diese HF-Strahlung um bis zu 99%! Das Headset <span lang=\"de\">Aircom<\/span> Stereo funktioniert mit dem <span lang=\"de\">iPhone 1-6<\/span>\u00ae<span lang=\"de\"> \/ Samsung Galaxy<\/span>\u00ae<span lang=\"de\">, BlackBerry<\/span>\u00ae <span lang=\"de\"> und andere Smartphones mit passendem Anschluss <\/span> und dem iPod\u00ae <span lang=\"de\">bzw. <\/span>mit Handys, die \u00fcber eine Buchse f\u00fcr eine<span lang=\"de\">m<\/span> 3,5mm Klinkenstecker<span lang=\"de\"> &#8211; 4-polig<\/span><span lang=\"de\"> verf\u00fcgen Jetzt mit verbessertem Knickschutz und neuem gewebeummanteltem Kabel!<\/span> <span lang=\"de\">Das Headset<\/span> vermindert deutlich die Hochfrequenz-Strahlung direkt am Kopf<span lang=\"de\"> (SAR Stufe 0)<\/span>. Die in-ear-Ohrh\u00f6rer <span lang=\"de\">funktionieren mit einem pneumatischen <\/span>Akustikkoppler ohne elektronischen Lautsprecher. Dieses Funktionsprinzip ist bereits millionenfach in der Medizintechnik bew\u00e4hrt (Stethoskop). Schickes Design mit <span lang=\"de\">nicht magnetischem Kunststoff<\/span>-Korpus <span lang=\"de\">im Metall-Design <\/span>&#8211; funktionell und pr\u00e4zise verarbeitet. Ger\u00e4uschisolierende Stopfen f\u00fcr einen ungest\u00f6rten Sound in drei Gr\u00f6\u00dfen beiliegend<span lang=\"de\">. <\/span>Das patentierte Klang\u00fcbertragungssystem Aircom produziert einen unvergleichlich nat\u00fcrlichen Sound ohne Interferenzen<span lang=\"de\">. <\/span>Miniaturschalter <span lang=\"de\"> zur Annahme und Beenden des Gespr\u00e4chs mit Mikrofon <\/span>im Kabel<span lang=\"de\"> integriert, Gewicht 8g, Gesamtkabell\u00e4nge 1,35 m.<\/span><\/p>\n<p align=\"justify\"><span lang=\"de\"><strong> Unterschied Aircom A1 &#8211; A6:<\/strong> <\/span><\/p>\n<p align=\"justify\"><span lang=\"de\">\u00a0 A6: Edelholz<\/span>-Korpus <span lang=\"de\">der H\u00f6rstecker und der \u00dcbertragungskapseln, sehr gute Klangeigenschaften bei Musikwiedergabe<\/span><\/p>\n<p align=\"justify\"><span lang=\"de\">\u00a0 A3: Kunststoff-Korpus im Metall-Design der H\u00f6rstecker und Kunststoffkorpus der \u00dcbertragungskapseln,\u00a0 leicht, robustestes Aircom, gute Klangeigenschaften<\/span><\/p>\n<p align=\"justify\">\u00a0 <span lang=\"de\"> A1: <\/span> <span lang=\"de\">Kunststoff<\/span>-Korpus <span lang=\"de\">im Metall-Design der H\u00f6rstecker und Kunststoffkorpus der \u00dcbertragungskapseln, sehr leicht, g\u00fcnstigstes Aircom<\/span><\/p>\n<p align=\"justify\">Gesundheitsgefahren durch elektromagnetische Strahlung am Kopf. Labortests zeigen: AIRCOM Headsets haben einen SAR-Wert von 0*<span lang=\"de\"> (<\/span>* Basierend auf der niedrigsten SAR-Wert getestet und einem Messwert von 1 \/ 100stel oder 0,01 W \/ k<span lang=\"de\">).<\/span><\/p>\n<p align=\"justify\"><strong><span lang=\"de\">4<\/span>-poliger Klinkenstecker<span lang=\"de\"> des Aircom:<\/span><\/strong><\/p>\n<div id=\"content1\">\n<div id=\"bodyContent\">\n<div dir=\"ltr\" lang=\"de\">\n<table id=\"table1\">\n<tbody>\n<tr>\n<td width=\"80\">\n<div><img loading=\"lazy\" decoding=\"async\" src=\"https:\/\/www.umweltanalytik.com\/images\/aircom_stecker.gif\" alt=\"\" width=\"425\" height=\"137\" border=\"0\" \/><\/div>\n<\/td>\n<td valign=\"bottom\">Belegung des 3,5 mm Klinkensteckers des Aircom:L = Linkes Tonsignal<br \/>\nR = Rechtes Tonsignal<br \/>\nAUX = Zusatzsignal<br \/>\nGND = gemeinsame Masse (R\u00fcckleitung)<\/td>\n<\/tr>\n<\/tbody>\n<\/table>\n<\/div>\n<\/div>\n<\/div>\n<p>Auch oft in Verwendung mit getauschten Polen von AUX und GND &#8211; z.\u00a0B beim Apple iPod touch 2G, beim iPhone 2G\/3G\/3GS\/4G sowie bei HTC und Samsung Smartphones (z.B. Legend \/ Galaxy)<\/p>\n<div id=\"siteContainer2\">\n<div id=\"content3\">\n<div id=\"narrowMainContent2\">\n<div id=\"productDetailPanel2\">\n<div id=\"productDetail2\">\n<div>\n<p><img loading=\"lazy\" decoding=\"async\" src=\"https:\/\/www.umweltanalytik.com\/images\/air-tube-bt.gif\" alt=\"Headset Air-Tube mit Bluetooth\" width=\"74\" height=\"229\" align=\"left\" border=\"0\" \/><img loading=\"lazy\" decoding=\"async\" src=\"https:\/\/www.umweltanalytik.com\/images\/neu3.gif\" alt=\"\" width=\"31\" height=\"12\" border=\"0\" \/><strong>Headset <\/strong> <span lang=\"de\"><strong>Airtube BT Stereo <\/strong>(<\/span>strahl<span lang=\"de\">ungs<\/span>reduziert<span lang=\"de\"> durch Luftleitertechnik<\/span>) \u00a0<span lang=\"de\"><a href=\"http:\/\/www.umweltanalytik.com\/shop\/headsets\/handy-smartphone\/index.html\" target=\"_blank\" rel=\"noopener noreferrer\"><img loading=\"lazy\" decoding=\"async\" class=\"alignnone\" src=\"http:\/\/www.umweltanalytik.com\/images\/korb.gif\" alt=\"\" width=\"24\" height=\"26\" border=\"0\" \/><\/a><br \/>\n<\/span><\/p>\n<p align=\"justify\"><span lang=\"de\"> Neue Bluetooth Headset mit Luftleitertechnik.<\/span> Handys, Bluetooth Headsets direkt am Ohr und konventionelle Handy-Headsets, speziell auch deren Ohrh\u00f6rer, verursachen erheblichen Elektrosmog direkt am Kopf. Das Headset Airtube BT<span lang=\"de\"> Stereo<\/span> reduziert diese HF-Strahlung<span lang=\"de\"> deutlich gegen\u00fcber der Benutzung des Handys driekt am Ohr oder gegen\u00fcber einem herk\u00f6mmlichen Bluetooth Headset. <\/span>Das Headset Airtube BT Stereo funktioniert mit dem <span lang=\"de\">iPhone 1-6<\/span>\u00ae<span lang=\"de\"> \/ Samsung Galaxy<\/span>\u00ae<span lang=\"de\">, BlackBerry<\/span>\u00ae <span lang=\"de\"> und andere Smartphones mit Bluetooth <\/span> und dem iPod\u00ae <span lang=\"de\">bzw. <\/span>mit Handys, DECT Telefone und Endger\u00e4te die \u00fcber Bluetooth v<span lang=\"de\">erf\u00fcgen (f\u00fcr Gigaset DECT Telefone gibt es ein spezielles BT-Headset mit Luftleitertechnik)<\/span>. Es vermindert deutlich die Hochfrequenz-Strahlung direkt am Kopf. Die in-ear-Ohrh\u00f6rer <span lang=\"de\">funktionieren mit dem mittig sitzenden\u00a0 pneumatischen <\/span>Akustikkoppler ohne elektronischen Lautsprecher. Dieses Funktionsprinzip ist bereits millionenfach in der Medizintechnik bew\u00e4hrt (Stethoskop). Schickes Design mit <span lang=\"de\">nicht magnetischem gl\u00e4nzenden Kunststoff<\/span>-Korpus &#8211; funktionell und pr\u00e4zise verarbeitet. Ger\u00e4uschisolierende Stopfen f\u00fcr einen ungest\u00f6rten Sound in vier Gr\u00f6\u00dfen \/ Bauformen beiliegend<span lang=\"de\">. <\/span>Das Klang\u00fcbertragungssystem produziert einen guten nat\u00fcrlichen Sound<span lang=\"de\">. <\/span>Miniaturschalter <span lang=\"de\"> zur Annahme und Beenden des Gespr\u00e4chs mit Mikrofon <\/span> im Bl<span lang=\"de\">uetooth Ger\u00e4t integriert. Der Bluetooth Sender\/Empf\u00e4nger besitzt einen Clip zum Anstecken und ist zur K\u00f6rperseite hin abgeschirmt, so dass die hochfrequente Strahlung vom K\u00f6rper weg reflektiert wird. Sprechzeit bis 4,5 Stunden \/ Standby bis 180 Stunden. Mit USB Ladekabel und USB-Steckernetzteil. Gewicht 21g, Gesamtl\u00e4nge 35 cm. Lieferbar in schwarz oder wei\u00df.<\/span><\/p>\n<p><span style=\"color: #ff0000;\">F\u00fcr diejenigen die ohne Bluetooth Headset nicht auskommen: die wohl strahlungs\u00e4rmste Wireless-Variante des Telefonierens gegen\u00fcber dem Handy am Ohr<\/span><\/p>\n<\/div>\n<\/div>\n<\/div>\n<\/div>\n<\/div>\n<\/div>\n","protected":false},"excerpt":{"rendered":"<p>Haben Sie Probleme mit Elektrosmog beim Telefonieren ?\u00a0 Hier sind die L\u00f6sungen f\u00fcr Handys: Headsets bzw. Sprecheinrichtungen werden generell mit dynamischen H\u00f6rkapseln ausgestattet. Diese H\u00f6rkapseln werden durch sehr gute akustische [&hellip;]<\/p>\n","protected":false},"author":1,"featured_media":12,"parent":0,"menu_order":0,"comment_status":"closed","ping_status":"closed","template":"","meta":{"footnotes":""},"class_list":["post-45","page","type-page","status-publish","has-post-thumbnail","hentry","has_thumb"],"_links":{"self":[{"href":"https:\/\/www.schadstoffanalytik.com\/index.php\/wp-json\/wp\/v2\/pages\/45","targetHints":{"allow":["GET"]}}],"collection":[{"href":"https:\/\/www.schadstoffanalytik.com\/index.php\/wp-json\/wp\/v2\/pages"}],"about":[{"href":"https:\/\/www.schadstoffanalytik.com\/index.php\/wp-json\/wp\/v2\/types\/page"}],"author":[{"embeddable":true,"href":"https:\/\/www.schadstoffanalytik.com\/index.php\/wp-json\/wp\/v2\/users\/1"}],"replies":[{"embeddable":true,"href":"https:\/\/www.schadstoffanalytik.com\/index.php\/wp-json\/wp\/v2\/comments?post=45"}],"version-history":[{"count":0,"href":"https:\/\/www.schadstoffanalytik.com\/index.php\/wp-json\/wp\/v2\/pages\/45\/revisions"}],"wp:featuredmedia":[{"embeddable":true,"href":"https:\/\/www.schadstoffanalytik.com\/index.php\/wp-json\/wp\/v2\/media\/12"}],"wp:attachment":[{"href":"https:\/\/www.schadstoffanalytik.com\/index.php\/wp-json\/wp\/v2\/media?parent=45"}],"curies":[{"name":"wp","href":"https:\/\/api.w.org\/{rel}","templated":true}]}}