{"id":2,"date":"2015-09-29T11:23:06","date_gmt":"2015-09-29T09:23:06","guid":{"rendered":"http:\/\/www.schadstoffanalytik.com\/?page_id=2"},"modified":"2024-05-22T09:29:51","modified_gmt":"2024-05-22T07:29:51","slug":"tipps","status":"publish","type":"page","link":"https:\/\/www.schadstoffanalytik.com\/index.php\/tipps\/","title":{"rendered":"Tipps"},"content":{"rendered":"<p><img loading=\"lazy\" decoding=\"async\" src=\"https:\/\/www.umweltanalytik.com\/images\/pikser.gif\" alt=\"\" width=\"24\" height=\"15\" border=\"0\" align=\"bottom\"><a href=\"https:\/\/www.umweltanalytik.com\/ing125.htm\"><img loading=\"lazy\" decoding=\"async\" src=\"https:\/\/www.umweltanalytik.com\/images\/neu3.gif\" alt=\"\" width=\"31\" height=\"12\" border=\"0\"><b><span style=\"color: #000080; font-family: Arial; font-size: xx-small;\"><span lang=\"de\">Nachr\u00fcstfilter Laserdrucker<\/span><\/span><\/b><\/a><\/p>\n<div align=\"left\">\n<p><b><span style=\"color: #000080; font-family: Arial; font-size: xx-small;\"><a href=\"http:\/\/www.umweltanalytik.com\/ing122.htm\"><img loading=\"lazy\" decoding=\"async\" src=\"https:\/\/www.umweltanalytik.com\/images\/pikser.gif\" alt=\"\" width=\"24\" height=\"15\" border=\"0\" align=\"bottom\"><\/a><\/span><\/b><a href=\"https:\/\/www.umweltanalytik.com\/ing122.htm\"><span style=\"color: #000080;\"><img loading=\"lazy\" decoding=\"async\" src=\"https:\/\/www.umweltanalytik.com\/images\/neu3.gif\" alt=\"\" width=\"31\" height=\"12\" border=\"0\"><b><span style=\"font-family: Arial; font-size: xx-small;\"><span lang=\"de\">Problem: Neuwagengeruch<\/span><\/span><\/b><\/span><\/a><\/p>\n<div align=\"left\"><b><span style=\"color: #000080; font-family: Arial; font-size: xx-small;\"><a href=\"https:\/\/www.umweltanalytik.com\/ing121.htm\"><img loading=\"lazy\" decoding=\"async\" src=\"https:\/\/www.umweltanalytik.com\/images\/pikser.gif\" alt=\"\" width=\"24\" height=\"15\" border=\"0\" align=\"bottom\"><\/a><\/span><\/b><a href=\"https:\/\/www.umweltanalytik.com\/ing121.htm\"><span style=\"color: #000080;\"><img loading=\"lazy\" decoding=\"async\" src=\"https:\/\/www.umweltanalytik.com\/images\/neu3.gif\" alt=\"\" width=\"31\" height=\"12\" border=\"0\"><\/span><\/a><span lang=\"de\"><b><span style=\"color: #000080; font-family: Arial; font-size: xx-small;\"><a href=\"https:\/\/www.umweltanalytik.com\/ing121.htm\">Biofilm-Entferner<\/a><\/span><\/b><\/span><\/div>\n<div align=\"left\"><b><span style=\"color: #000080; font-family: Arial; font-size: xx-small;\"><a href=\"https:\/\/www.umweltanalytik.com\/ing108.htm\"><img loading=\"lazy\" decoding=\"async\" src=\"https:\/\/www.umweltanalytik.com\/images\/pikser.gif\" alt=\"\" width=\"24\" height=\"15\" border=\"0\" align=\"bottom\"><\/a><\/span><\/b><a href=\"https:\/\/www.umweltanalytik.com\/ing108.htm\"><span style=\"color: #000080;\"><img loading=\"lazy\" decoding=\"async\" src=\"https:\/\/www.umweltanalytik.com\/images\/neu3.gif\" alt=\"\" width=\"31\" height=\"12\" border=\"0\"><\/span><\/a><span lang=\"de\"><b><span style=\"color: #000080; font-family: Arial; font-size: xx-small;\"><a href=\"https:\/\/www.umweltanalytik.com\/ing108.htm\">Schimmelpilz-Entferner<\/a><\/span><\/b><\/span><\/div>\n<div align=\"left\"><b><span style=\"font-family: Arial; font-size: xx-small;\"><a href=\"https:\/\/www.umweltanalytik.com\/ing106.htm\"><span style=\"color: #000080;\"><img loading=\"lazy\" decoding=\"async\" src=\"https:\/\/www.umweltanalytik.com\/images\/pikser.gif\" alt=\"\" width=\"24\" height=\"15\" border=\"0\" align=\"bottom\"><\/span><\/a><span lang=\"de\"> <a href=\"https:\/\/www.umweltanalytik.com\/ing106.htm\"><span style=\"color: #000080;\">HF-Messger\u00e4te<\/span><\/a><\/span><\/span><\/b><\/div>\n<\/div>\n<div align=\"left\">\n<div align=\"left\"><b><span style=\"font-family: Arial; font-size: xx-small;\"><a href=\"https:\/\/www.umweltanalytik.com\/analoge_piezotelefone.htm\"><span style=\"color: #000080;\"><img loading=\"lazy\" decoding=\"async\" src=\"https:\/\/www.umweltanalytik.com\/images\/pikser.gif\" alt=\"\" width=\"24\" height=\"15\" border=\"0\" align=\"bottom\"><\/span><\/a> <\/span><span lang=\"de\"><span style=\"font-family: Arial; font-size: xx-small;\"> <a href=\"https:\/\/www.umweltanalytik.com\/analoge_piezotelefone.htm\"><span style=\"color: #000080;\">Analoge Piezotelefone<\/span><\/a><\/span><\/span><\/b><\/div>\n<div align=\"left\"><b><span style=\"font-family: Arial; font-size: xx-small;\"><a href=\"https:\/\/www.umweltanalytik.com\/isdn_piezotelefone.htm\"><span style=\"color: #000080;\"><img loading=\"lazy\" decoding=\"async\" src=\"https:\/\/www.umweltanalytik.com\/images\/pikser.gif\" alt=\"\" width=\"24\" height=\"15\" border=\"0\" align=\"bottom\"><\/span><\/a> <\/span><span lang=\"de\"><span style=\"font-family: Arial; font-size: xx-small;\"> <a href=\"https:\/\/www.umweltanalytik.com\/isdn_piezotelefone.htm\"><span style=\"color: #000080;\">ISDN Piezotelefone<\/span><\/a><\/span><\/span><\/b><\/div>\n<\/div>\n<div align=\"left\"><b><span style=\"color: #000080; font-family: Arial; font-size: xx-small;\"><a href=\"https:\/\/www.umweltanalytik.com\/ing115.htm\"><img loading=\"lazy\" decoding=\"async\" src=\"https:\/\/www.umweltanalytik.com\/images\/pikser.gif\" alt=\"\" width=\"24\" height=\"15\" border=\"0\" align=\"bottom\"><\/a><\/span><\/b> <a href=\"https:\/\/www.umweltanalytik.com\/ing115.htm\"><b><span style=\"color: #000080; font-family: Arial; font-size: xx-small;\"><span lang=\"de\">Baufeuchtemessger\u00e4te<\/span><\/span><\/b><\/a><\/div>\n<div align=\"left\"><b><span style=\"font-family: Arial; font-size: xx-small;\"><a href=\"https:\/\/www.umweltanalytik.com\/ing11.htm\"><span style=\"color: #000080;\"><img loading=\"lazy\" decoding=\"async\" src=\"https:\/\/www.umweltanalytik.com\/images\/pikser.gif\" alt=\"\" width=\"24\" height=\"15\" border=\"0\" align=\"bottom\"><\/span><\/a> <a href=\"https:\/\/www.umweltanalytik.com\/ing11.htm\"><span style=\"color: #000080;\">Fogging in Wohnungen<\/span><\/a><\/span><\/b><\/div>\n<div align=\"left\"><b><span style=\"font-family: Arial; font-size: xx-small;\"><a href=\"https:\/\/www.umweltanalytik.com\/ing29.htm#Formaldehyd\"><span style=\"color: #000080;\"><img loading=\"lazy\" decoding=\"async\" src=\"https:\/\/www.umweltanalytik.com\/images\/pikser.gif\" alt=\"\" width=\"24\" height=\"15\" border=\"0\" align=\"bottom\"><\/span><\/a> <\/span><a href=\"https:\/\/www.umweltanalytik.com\/ing29.htm#Formaldehyd\"><span style=\"color: #000080;\"> <span style=\"font-family: Arial; font-size: xx-small;\">Formaldehyd selber messen<\/span><\/span><\/a><\/b><\/div>\n<div align=\"left\"><b><span style=\"font-family: Arial; font-size: xx-small;\"><a href=\"https:\/\/www.umweltanalytik.com\/ing29.htm\"><span style=\"color: #000080;\"><img loading=\"lazy\" decoding=\"async\" src=\"https:\/\/www.umweltanalytik.com\/images\/pikser.gif\" alt=\"\" width=\"24\" height=\"15\" border=\"0\" align=\"bottom\"><\/span><\/a> <\/span><a href=\"https:\/\/www.umweltanalytik.com\/ing29.htm\"><span style=\"color: #000080; font-family: Arial; font-size: xx-small;\">L\u00f6semittel selber messen<\/span><\/a><\/b><\/div>\n<div align=\"left\"><\/div>\n<div align=\"left\">\n<div align=\"left\"><u><b><span style=\"color: #000080; font-family: Arial; font-size: xx-small;\"><span lang=\"de\"> Berichte:<\/span><\/span><\/b><\/u><\/div>\n<p><b><span style=\"font-family: Arial; font-size: xx-small;\"><a href=\"https:\/\/www.umweltanalytik.com\/daten\/Umweltanalytik.pdf\" target=\"_blank\" rel=\"noopener noreferrer\"><img loading=\"lazy\" decoding=\"async\" src=\"https:\/\/www.umweltanalytik.com\/images\/pikser.gif\" alt=\"\" width=\"24\" height=\"15\" border=\"0\" align=\"bottom\"><\/a> <\/span><\/b><span style=\"font-family: Arial; font-size: xx-small;\"><b><span lang=\"de\"> <a href=\"https:\/\/www.umweltanalytik.com\/daten\/Umweltanalytik.pdf\" target=\"_blank\" rel=\"noopener noreferrer\"><span style=\"color: #000080;\">Bericht Stuttgarter Zeitung<\/span><\/a><\/span> <\/b><\/span><\/p>\n<\/div>\n<div align=\"left\"><b><span style=\"font-family: Arial; font-size: xx-small;\"><a href=\"http:\/\/www.umweltanalytik.com\/daten\/Inka-02-09.pdf\" target=\"_blank\" rel=\"noopener noreferrer\"><img loading=\"lazy\" decoding=\"async\" src=\"https:\/\/www.umweltanalytik.com\/images\/pikser.gif\" alt=\"\" width=\"24\" height=\"15\" border=\"0\" align=\"bottom\"><\/a> <\/span><\/b><span style=\"font-family: Arial; font-size: xx-small;\"><b> <a href=\"https:\/\/www.umweltanalytik.com\/daten\/Inka-02-09.pdf\" target=\"_blank\" rel=\"noopener noreferrer\"><span style=\"color: #000080;\"><span lang=\"de\"> Bericht <\/span>Ingenieurkarriere<\/span><\/a><\/b><\/span><\/div>\n","protected":false},"excerpt":{"rendered":"<p>Nachr\u00fcstfilter Laserdrucker Problem: Neuwagengeruch Biofilm-Entferner Schimmelpilz-Entferner HF-Messger\u00e4te Analoge Piezotelefone ISDN Piezotelefone Baufeuchtemessger\u00e4te Fogging in Wohnungen Formaldehyd selber messen L\u00f6semittel selber messen Berichte: Bericht Stuttgarter Zeitung Bericht Ingenieurkarriere<\/p>\n","protected":false},"author":1,"featured_media":0,"parent":0,"menu_order":0,"comment_status":"closed","ping_status":"closed","template":"","meta":{"footnotes":""},"class_list":["post-2","page","type-page","status-publish","hentry","has_no_thumb"],"_links":{"self":[{"href":"https:\/\/www.schadstoffanalytik.com\/index.php\/wp-json\/wp\/v2\/pages\/2","targetHints":{"allow":["GET"]}}],"collection":[{"href":"https:\/\/www.schadstoffanalytik.com\/index.php\/wp-json\/wp\/v2\/pages"}],"about":[{"href":"https:\/\/www.schadstoffanalytik.com\/index.php\/wp-json\/wp\/v2\/types\/page"}],"author":[{"embeddable":true,"href":"https:\/\/www.schadstoffanalytik.com\/index.php\/wp-json\/wp\/v2\/users\/1"}],"replies":[{"embeddable":true,"href":"https:\/\/www.schadstoffanalytik.com\/index.php\/wp-json\/wp\/v2\/comments?post=2"}],"version-history":[{"count":0,"href":"https:\/\/www.schadstoffanalytik.com\/index.php\/wp-json\/wp\/v2\/pages\/2\/revisions"}],"wp:attachment":[{"href":"https:\/\/www.schadstoffanalytik.com\/index.php\/wp-json\/wp\/v2\/media?parent=2"}],"curies":[{"name":"wp","href":"https:\/\/api.w.org\/{rel}","templated":true}]}}