{"id":116,"date":"2015-10-01T09:35:36","date_gmt":"2015-10-01T07:35:36","guid":{"rendered":"http:\/\/www.schadstoffanalytik.com\/?page_id=116"},"modified":"2024-05-22T09:29:34","modified_gmt":"2024-05-22T07:29:34","slug":"schadstoffanalysen","status":"publish","type":"page","link":"https:\/\/www.schadstoffanalytik.com\/index.php\/schadstoffanalysen\/","title":{"rendered":"Schadstoffanalysen"},"content":{"rendered":"<h6><\/h6>\n<table width=\"100%\">\n<tbody>\n<tr>\n<td width=\"100%\">\n<h6>Welche Schadstoffe sind in welchen Baustoffen und Materialien enthalten? Unter\u00a0 den <a href=\"http:\/\/www.umweltanalytik.com\/ing28.htm\">Produktgruppen<\/a> finden Sie eine Auflistung von Schadstoffen in verschiedenen Materialien des Alltags.<\/h6>\n<h6><a href=\"http:\/\/www.umweltanalytik.com\/ing67.htm\">Analysenauflistung mit Einzelstoffen und Preisen (Leistungverzeichnis)<\/a><\/h6>\n<h6><a href=\"http:\/\/www.umweltanalytik.com\/daten\/Preisliste-Verbraucher-kurz.pdf\">Kurz-Verzeichnis der wichtigsten Analysen (pdf-Datei)<\/a><\/h6>\n<h6><a href=\"http:\/\/www.umweltanalytik.com\/daten\/Preisliste-Verbraucher.pdf\">Gesamt-Leistungsverzeichnis (pdf-Datei)<\/a><\/h6>\n<h6><a href=\"http:\/\/www.umweltanalytik.com\/ing29.htm\">Raumluftanalysen mit eigener Probenahme<\/a><\/h6>\n<h6><a href=\"http:\/\/www.umweltanalytik.com\/ing66.htm\">Informationen zu Schadstoffanalysen<\/a>Hier<\/h6>\n<h6><a href=\"http:\/\/www.umweltanalytik.com\/ing101.htm\">Informationen zur Probenahme<\/a><\/h6>\n<\/td>\n<\/tr>\n<\/tbody>\n<\/table>\n<h6><a href=\"http:\/\/www.umweltanalytik.com\/ing67.htm\">Weitere Screeninganalysen finden Sie hier<\/a><\/h6>\n<h6><a href=\"http:\/\/www.umweltanalytik.com\/ing87.htm\">Pestizid<\/a><a href=\"http:\/\/www.umweltanalytik.com\/ing87.htm\"> &#8211; Screening im Hausstaub<\/a> Es werden die f\u00fcr Wohnr\u00e4ume wichtigsten Pestizide erfasst.\u00a0Analyse erfolgt inkl. Auswertung und Beschreibung der gefundenen Wohnraumgifte. \u20ac 269,&#8211; (Preis pro Probe)<\/h6>\n<h6><a href=\"http:\/\/www.umweltanalytik.com\/ing86.htm\">\u00dcbersichts &#8211; Screening im Hausstaub<\/a> Es werden die f\u00fcr Wohnr\u00e4ume wichtigsten Schadstoffe (ca. 80 verschiedene Substanzen) erfasst.\u00a0Analyse erfolgt inkl. Auswertung und Beschreibung der gefundenen Wohnraumgifte. \u20ac 399,&#8211; (Preis pro Probe)<\/h6>\n<h6><a href=\"http:\/\/www.umweltanalytik.com\/ing25.htm\">Wohngift &#8211; Screening im Hausstaub<\/a> Es werden die f\u00fcr Wohnr\u00e4ume wichtigsten Schadstoffe (ca. 80 verschiedene Substanzen) erfasst.\u00a0Analyse erfolgt inkl. Auswertung und Beschreibung der gefundenen Wohnraumgifte. \u20ac 449,&#8211; (Preis pro Probe)<\/h6>\n<h6><a href=\"http:\/\/www.umweltanalytik.com\/ing7.htm\">Fertighaus &#8211; Screening im Staub<\/a> Es werden die f\u00fcr Fertigh\u00e4user wichtigsten Schadstoffe erfasst (inkl. Flammschutzmittel und Organo-Chlor-Gemische).\u00a0 \u20ac 519,&#8211; (Preis pro Probe)<\/h6>\n<h6><a href=\"http:\/\/www.umweltanalytik.com\/ing84.htm\">Komplettscreening- Screening im Staub<\/a> Es werden die f\u00fcr Wohnungen und H\u00e4user wichtigsten Schadstoffe erfasst (inkl. Flammschutzmittel und Einzel-PAK).\u00a0 \u20ac 729,&#8211; (Preis pro Probe)<\/h6>\n<h6><a href=\"http:\/\/www.umweltanalytik.com\/ing67.htm\">Weitere Screeninganalysen finden Sie hier<\/a><\/h6>\n<h6>Holzschutzmittelanalyse in Materialien oder Staub \u20ac 169,&#8211;\u00a0(Preis pro Probe)<\/h6>\n<h6><a href=\"http:\/\/www.umweltanalytik.com\/ing47.htm\">Schimmelpilzanalyse in Materialien oder Staub<\/a> \u20ac 169.&#8211; (Preis pro Probe)<\/h6>\n<h6><a href=\"http:\/\/www.umweltanalytik.com\/ing29.htm\">L\u00f6sungsmittelanalyse (60 leichtfl\u00fcchtige Substanzen) in der Raumluft<\/a> Fordern Sie das Probenahmeset zur Raumluftbestimmung bei eigener Probenahme an. \u20ac 199,&#8211; (Preis pro Probe)<\/h6>\n<h6><a href=\"http:\/\/www.umweltanalytik.com\/ing117.htm\">Radonanalyse in der Raumluft<\/a> Fordern Sie das Probenahmeset zur Raumluftbestimmung bei eigener Probenahme an. \u20ac 69,&#8211; (Preis pro Probe) + \u20ac 8,&#8211; Versandpauschale<\/h6>\n<h6><a href=\"http:\/\/www.umweltanalytik.com\/ing29.htm#Formaldehyd II\">Formaldehydanalyse in der Raumluft zur Selbstdurchf\u00fchrung<\/a> Fordern Sie das Probenahmeset bei eigener Probenahme zur Raumluftbestimmung an. \u20ac 129,&#8211; (Preis pro Probe) + \u20ac 8,&#8211; Versandpauschale<\/h6>\n<h6><a href=\"http:\/\/www.umweltanalytik.com\/ing29.htm#Formaldehyd\">Formaldehydmessung am Arbeitsplatz zur Selbstdurchf\u00fchrung<\/a> Probenahmeset mit direktanzeigenden R\u00f6hrchen bei zu erwartenden hohen Werten \u20ac 29.- pro durchgef\u00fchrter Analyse + \u20ac 8,&#8211; Versandpauschale<\/h6>\n<h6><a href=\"http:\/\/www.umweltanalytik.com\/lexikon\/ing2.htm\">Parkettkleberanalyse im Staub oder Material<\/a> Es wird PAK (polyzyklisch aromatische Kohlenwasserstoffe) Benzo[a]pyren nachgewiesen.\u00a0 \u20ac 129.-\u00a0(Preis pro Probe)<\/h6>\n<h6><a href=\"http:\/\/www.umweltanalytik.com\/ing64.htm\">Brandr\u00fcckst\u00e4nde in Wischprobe oder Material<\/a> Es werden PAK (polyzyklisch aromatische Kohlenwasserstoffe) PCB (polychlorierte Biphenyle), PCDD\/PCDF &#8222;Dioxine&#8220; &lt;semiquantitativ&gt; und polybromierte FIammschutzmittel\u00a0 nachgewiesen.\u00a0 \u20ac 699,&#8211;\u00a0(Preis pro Probe)<\/h6>\n<h6>Formaldehydanalyse in Materialien oder Raumluft nach WKI-Methode \u20ac 139.&#8211;\u00a0(Preis pro Probe)<\/h6>\n<h6><a href=\"http:\/\/www.umweltanalytik.com\/ing47.htm\"> Milbenanalyse &#8211; Guaninbestimmung im Staub<\/a> \u20ac 169.&#8211;\u00a0(Preis pro Probe)<\/h6>\n<h6><a href=\"http:\/\/www.umweltanalytik.com\/ing47.htm\">Labortechnische Wirksamkeituntersuchungen von Milbenpr\u00e4paraten<\/a> Preis auf Anfrage<\/h6>\n<h6>Trinkwasseranalyse auf div. Schwermetalle, pH-Wert, Nitrat, Wasserh\u00e4rte ab \u20ac 159,&#8211; (Preis pro Probe)<\/h6>\n<h6>Wollschutzmittelanalyse (inkl. DDT) f\u00fcr Woll-, Orient-, Perserteppiche \u20ac 229,&#8211; (Preis pro Probe)<\/h6>\n<h6><a href=\"http:\/\/www.umweltanalytik.com\/ing48.htm\">Elektrosmoganalysen<\/a> \u00a0 ab \u20ac 250,&#8211;<\/h6>\n<h6>Weiterhin f\u00fchren wir (fast) jede Analyse auf Schadstoffe wie z.B. Dioxine, PAK, PCB, Pyrethroide, PCSD\/PCAD, Formaldehyd, Terpene, Pentachlorphenol, Lindan, Dichlofluanid, Chlorthalonil, Phosphors\u00e4ureester und viele viele andere Stoffe. Auch bei kniffligen Analysen k\u00f6nnen wir sicher mit unserer 15-j\u00e4hrigen Erfahrung auf diesem Gebiet weiterhelfen.<\/h6>\n<h6>Wir bieten an: Materialanalysen &#8211; Raumluftuntersuchungen &#8211; Staubuntersuchungen &#8211; Wasseruntersuchungen Gutachten &#8211; Sanierungsgutachten &#8211; Allergikergerechte Produkte &#8211;<\/h6>\n<h6>Preise f\u00fcr individuelle Analysen erfragen Sie am besten per <a href=\"mailto:info@umweltanalytik.com\">e-mail<\/a> oder telefonisch.<\/h6>\n<pre>Copyright \u00a9 1993-2024 [Ingenieurb\u00fcro Oetzel]. Alle Rechte vorbehalten.<\/pre>\n","protected":false},"excerpt":{"rendered":"<p>Welche Schadstoffe sind in welchen Baustoffen und Materialien enthalten? Unter\u00a0 den Produktgruppen finden Sie eine Auflistung von Schadstoffen in verschiedenen Materialien des Alltags. Analysenauflistung mit Einzelstoffen und Preisen (Leistungverzeichnis) Kurz-Verzeichnis [&hellip;]<\/p>\n","protected":false},"author":1,"featured_media":0,"parent":0,"menu_order":0,"comment_status":"closed","ping_status":"closed","template":"","meta":{"footnotes":""},"class_list":["post-116","page","type-page","status-publish","hentry","has_no_thumb"],"_links":{"self":[{"href":"https:\/\/www.schadstoffanalytik.com\/index.php\/wp-json\/wp\/v2\/pages\/116","targetHints":{"allow":["GET"]}}],"collection":[{"href":"https:\/\/www.schadstoffanalytik.com\/index.php\/wp-json\/wp\/v2\/pages"}],"about":[{"href":"https:\/\/www.schadstoffanalytik.com\/index.php\/wp-json\/wp\/v2\/types\/page"}],"author":[{"embeddable":true,"href":"https:\/\/www.schadstoffanalytik.com\/index.php\/wp-json\/wp\/v2\/users\/1"}],"replies":[{"embeddable":true,"href":"https:\/\/www.schadstoffanalytik.com\/index.php\/wp-json\/wp\/v2\/comments?post=116"}],"version-history":[{"count":0,"href":"https:\/\/www.schadstoffanalytik.com\/index.php\/wp-json\/wp\/v2\/pages\/116\/revisions"}],"wp:attachment":[{"href":"https:\/\/www.schadstoffanalytik.com\/index.php\/wp-json\/wp\/v2\/media?parent=116"}],"curies":[{"name":"wp","href":"https:\/\/api.w.org\/{rel}","templated":true}]}}